6 a multiple of 58?
True
Does 300 divide 2122287?
False
Is 61139 a multiple of 75?
False
Is 5 a factor of 30335?
True
Is 3035646 a multiple of 822?
True
Does 18 divide 164143?
False
Does 130 divide 130910?
True
Is 640317 a multiple of 63?
False
Is 19918 a multiple of 24?
False
Is 22 a factor of 5885352?
True
Is 101240 a multiple of 21?
False
Does 12 divide 1794036?
True
Is 739 a factor of 9742237?
True
Does 115 divide 61496?
False
Is 32 a factor of 52560?
False
Does 104 divide 903968?
True
Is 219775 a multiple of 149?
True
Does 680 divide 1882425?
False
Does 193 divide 2735968?
True
Does 7 divide 219331?
True
Is 556321 a multiple of 10?
False
Is 367146 a multiple of 6?
True
Is 33157 a multiple of 18?
False
Is 2406227 a multiple of 76?
False
Is 99 a factor of 108009?
True
Is 7076 a multiple of 8?
False
Is 110964 a multiple of 237?
False
Is 216 a factor of 180360?
True
Is 13 a factor of 1991028?
True
Does 87 divide 5429235?
True
Is 123 a factor of 542286?
False
Is 1173772 a multiple of 21?
False
Is 51 a factor of 739041?
True
Is 11347671 a multiple of 23?
True
Does 61 divide 12998?
False
Is 152 a factor of 357656?
True
Is 13 a factor of 1726586?
False
Does 15 divide 98253?
False
Is 35 a factor of 5224?
False
Is 28 a factor of 4893395?
False
Does 13 divide 8547084?
True
Is 11 a factor of 552339?
False
Is 34534 even?
True
Is 154 a factor of 646771?
False
Does 177 divide 13245441?
True
Is 457710 a multiple of 55?
True
Is 49 a factor of 1035258?
False
Is 450 a factor of 1412100?
True
Is 5 a factor of 36913?
False
Does 21 divide 2535757?
False
Does 369 divide 1994076?
True
Does 5 divide 1453675?
True
Is 210 a factor of 1030470?
True
Does 25 divide 78900?
True
Is 14728 a multiple of 28?
True
Does 13 divide 1221802?
False
Is 209 a factor of 267898?
False
Is 6114189 a multiple of 8?
False
Does 918 divide 15137820?
True
Is 40868 a multiple of 34?
True
Does 123 divide 2644261?
False
Is 281 a factor of 73903?
True
Does 22 divide 383504?
True
Is 1232140 a multiple of 251?
False
Does 3 divide 44334?
True
Is 6587337 a multiple of 162?
False
Is 14 a factor of 937763?
False
Is 13193698 a multiple of 59?
True
Does 146 divide 17572706?
True
Does 38 divide 739281?
False
Is 443368 a multiple of 706?
True
Does 145 divide 7737356?
False
Is 34 a factor of 351560?
True
Is 119 a factor of 228956?
True
Is 8726538 a multiple of 633?
True
Is 11 a factor of 68705?
False
Is 68 a factor of 428255?
False
Is 8 a factor of 119898?
False
Is 732 a factor of 1358205?
False
Is 191 a factor of 520688?
False
Is 2919728 a multiple of 1393?
True
Is 6 a factor of 1783?
False
Is 2919800 a multiple of 20?
True
Is 12 a factor of 218507?
False
Does 3 divide 251051?
False
Is 23 a factor of 30958?
True
Does 484 divide 295835?
False
Is 6599778 a multiple of 1004?
False
Does 21 divide 23163?
True
Does 20 divide 3208?
False
Is 129987 a multiple of 11?
True
Is 17 a factor of 205479?
True
Is 786111 a multiple of 67?
True
Is 30165 a multiple of 41?
False
Does 100 divide 208800?
True
Is 1117543 a multiple of 338?
False
Does 18 divide 6336?
True
Does 3 divide 184338?
True
Is 1261772 a multiple of 2?
True
Is 397846 a multiple of 5?
False
Is 21 a factor of 1340507?
False
Does 10 divide 1097350?
True
Is 48 a factor of 44832?
True
Is 14 a factor of 96474?
True
Is 1966775 a multiple of 17?
False
Does 91 divide 1331119?
False
Is 13771010 a multiple of 38?
True
Is 103610 a multiple of 218?
False
Does 15 divide 2408910?
True
Does 212 divide 915416?
True
Is 122064 a multiple of 4?
True
Is 44 a factor of 646419?
False
Is 108 a factor of 1224072?
True
Does 204 divide 676679?
False
Does 30 divide 6481030?
False
Does 1618 divide 1547967?
False
Does 128 divide 1191448?
False
Is 344 a factor of 134463?
False
Does 26 divide 3366423?
False
Is 38 a factor of 797164?
True
Is 463 a factor of 14129834?
True
Is 10294243 a multiple of 548?
False
Does 36 divide 6195270?
False
Is 21 a factor of 94794?
True
Is 12856 a multiple of 17?
False
Is 465 a factor of 1139094?
False
Does 9 divide 333495?
True
Is 26426 a multiple of 94?
False
Does 17 divide 2132021?
True
Is 6 a factor of 2098864?
False
Does 151 divide 232053?
False
Is 1011254 a multiple of 206?
True
Is 15 a factor of 8347830?
True
Does 2 divide 7756?
True
Is 165 a factor of 373725?
True
Is 138000 a multiple of 240?
True
Is 2294 a factor of 9362157?
False
Is 2103836 a multiple of 1589?
True
Is 2273280 a multiple of 512?
True
Is 58712 a multiple of 35?
False
Is 180 a factor of 1445437?
False
Is 257 a factor of 920060?
True
Does 58 divide 1362690?
False
Is 918000 a multiple of 272?
True
Does 84 divide 345576?
True
Is 1018356 a multiple of 339?
True
Does 151 divide 181502?
True
Is 6480152 a multiple of 154?
False
Does 20 divide 23640?
True
Is 89 a factor of 766952?
False
Is 366 a factor of 185906?
False
Is 580508 a multiple of 88?
False
Is 74 a factor of 8641572?
True
Does 10 divide 77405?
False
Is 4 a factor of 11165060?
True
Does 144 divide 234288?
True
Is 91713 a multiple of 19?
True
Does 390 divide 16695?
False
Is 21248 a multiple of 16?
True
Is 160 a factor of 121935?
False
Is 800 a factor of 3559931?
False
Is 802791 a multiple of 187?
True
Is 131300 a multiple of 505?
True
Does 39 divide 107094?
True
Is 59 a factor of 1078579?
True
Is 39336 a multiple of 11?
True
Is 356403 a multiple of 45?
False
Is 49054 a multiple of 4?
False
Is 7 a factor of 1438212?
False
Is 10 a factor of 3268144?
False
Is 4278340 a multiple of 27?
False
Is 4959620 a multiple of 395?
True
Is 25594 a multiple of 88?
False
Does 8 divide 115300?
False
Is 75 a factor of 1291205?
False
Is 11212 a multiple of 23?
False
Does 120 divide 1170102?
False
Does 110 divide 3325960?
True
Is 3065803 a multiple of 256?
False
Does 79 divide 6654582?
False
Is 137 a factor of 818712?
True
Does 1434 divide 797304?
True
Does 859 divide 1361822?
False
Is 16005 a multiple of 11?
True
Is 965330 a multiple of 185?
True
Is 321 a factor of 1600506?
True
Is 82 a factor of 872239?
False
Is 16 a factor of 3650672?
True
Is 6 a factor of 1316382?
True
Is 12 a factor of 531612?
True
Does 24 divide 764582?
False
Does 106 divide 14840?
True
Is 11 a factor of 3708485?
True
Does 9 divide 245115?
True
Is 37 a factor of 1151233?
False
Is 414538 a multiple of 581?
False
Is 711006 a multiple of 365?
False
Is 84 a factor of 49308?
True
Does 26 divide 377780?
True
Is 6 a factor of 41010?
True
Is 1714824 a multiple of 459?
True
Is 301 a factor of 28703?
False
Is 25674649 a multiple of 134?
False
Is 12 a factor of 312212?
False
Is 91966 a multiple of 7?
True
Is 398250 a multiple of 450?
True
Is 22217375 a multiple of 80?
False
Is 897 a factor of 530386?
False
Does 43 divide 213127?
False
Is 26200 even?
True
Is 589309 a multiple of 9?
False
Does 4 divide 744?
True
Is 178 a factor of 2940517?
False
Is 27 a factor of 2046924?
True
Is 207770 a multiple of 24?
False
Is 40 a factor of 3207328?
False
Is 300306 a multiple of 79?
False
Is 20 a factor of 70970?
False
Is 21262320 a multiple of 18?
True
Does 12 divide 18924?
True
Is 34240 a multiple of 3?
False
Is 42724 a multiple of 11?
True
Does 172 divide 251464?
True
Is 43 a factor of 3247876?
True
Does 318 divide 2619913?
False
Does 109 divide 13778472?
True
Is 84 a factor of 160236?
False
Does 174 divide 2505252?
True
Is 12 a factor of 1025292?
True
Is 10 a factor of 29930?
True
Does 33 divide 243276?
True
Is 39 a factor of 47151?
True
Is 12 a factor of 233076?
True
Does 195 divide 389610?
True
Is 1070388 a multiple of 22?
True
Is 141 a factor of 58563?
False
Is 66 a factor of 314804?
False
Is 9 a factor of 14648?
False
Is 21 a factor of 1470?
True
Does 17 divide 5358152?
False
Is 286 a factor of 1274086?
False
Is 4940130 a multiple of 530?
True
Is 8 a factor of 455433?
False
Is 324120 a multiple of 4?
True
Does 186 divide 5026051?
False
Is 229 a factor of 88623?
True
Is 2554 even?
True
Does 7 divide 1803753?
True
Is 50612 a multiple of 66?
False
Is 78 a factor of 31044?
True
Is 143 a factor of 11591008?
True
Does 39 divide 163587?
False
Is 88529 a multiple of 101?
False
Is 12465200 a multiple of 1100?
True
Is 139149 a multiple of 8?
False
Does 66 divide 63243?
False
Does 16 divide 170256?
True
Does 4 divide 7343?
False
Is 17119470 a multiple of 28?
False
Is 12789 a multiple of 96?
False
Does 